rue
Is 11 a factor of 3207338493?
False
Is 183 a factor of 15192660?
True
Is 6 a factor of 566844834?
True
Does 6 divide 1337282346?
True
Is 459052546 a multiple of 11?
False
Is 16916254 a multiple of 514?
True
Does 29 divide 46800696?
False
Is 111438257 a multiple of 2?
False
Is 23563302 a multiple of 771?
True
Is 56246451 a multiple of 43?
True
Is 82 a factor of 685141242?
True
Is 2382429933 a multiple of 9?
True
Is 5 a factor of 416513776?
False
Is 94800337 a multiple of 399?
False
Is 90436230 a multiple of 1035?
True
Is 20 a factor of 30382494?
False
Is 2061412 a multiple of 24?
False
Does 371 divide 1454238859?
False
Is 228176788 a multiple of 2535?
False
Does 6 divide 1140073398?
True
Is 864272170 a multiple of 83?
False
Does 11485 divide 803340411?
False
Is 2087 a factor of 689300621?
True
Does 439 divide 894342214?
True
Is 1569998206 a multiple of 1952?
False
Is 4061916 a multiple of 9?
True
Is 1795 a factor of 10141594?
False
Is 149592300 a multiple of 6340?
True
Is 9 a factor of 2003086548?
True
Is 2507 a factor of 2169730783?
True
Does 101 divide 67013770?
False
Is 28693126 a multiple of 301?
True
Is 9787313 a multiple of 8?
False
Does 156 divide 681070114?
False
Does 77 divide 2110412?
False
Is 80188580 a multiple of 2162?
True
Is 743402 a multiple of 17?
False
Is 13636134 a multiple of 2884?
False
Is 1588 a factor of 489651860?
True
Is 33539670 a multiple of 2?
True
Is 1912418607 a multiple of 718?
False
Does 1793 divide 55934428?
True
Is 11 a factor of 519212889?
False
Is 149 a factor of 290947532?
True
Is 221 a factor of 280565909?
True
Is 515002202 a multiple of 14?
False
Is 21943670 a multiple of 19?
True
Does 1460 divide 100154540?
True
Does 3 divide 9690810?
True
Does 13 divide 1365171647?
False
Is 741842838 a multiple of 11?
True
Is 198 a factor of 21514284?
True
Does 1501 divide 290041720?
False
Is 46175052 a multiple of 102?
False
Does 423 divide 389674808?
False
Does 69 divide 7482773?
False
Is 2714223524 a multiple of 233?
True
Is 9681241 a multiple of 5?
False
Does 66 divide 94803954?
False
Does 220 divide 50851900?
True
Does 71 divide 3793195022?
True
Is 38 a factor of 525573760?
False
Is 504 a factor of 58564296?
True
Does 107 divide 5692186?
True
Does 289 divide 18106663?
False
Is 30752176 a multiple of 26?
True
Is 3 a factor of 234041706?
True
Does 111 divide 291828768?
True
Does 10 divide 40068070?
True
Does 11 divide 2534671279?
False
Is 144377241 a multiple of 325?
False
Is 243 a factor of 93904777?
False
Does 256 divide 9007231?
False
Is 16653557 a multiple of 1226?
False
Is 2 a factor of 390145397?
False
Does 353 divide 31588911?
True
Is 31495424 a multiple of 16?
True
Is 308 a factor of 187167596?
True
Is 2914189 a multiple of 41?
False
Does 32 divide 14651447?
False
Does 486 divide 433080432?
True
Does 6 divide 96982538?
False
Is 19076153 a multiple of 17?
False
Is 16 a factor of 91506288?
True
Is 51 a factor of 28178265?
True
Is 24979048 a multiple of 2015?
False
Is 164015397 a multiple of 61?
True
Is 57 a factor of 243012310?
False
Is 437699289 a multiple of 1624?
False
Is 3 a factor of 13499803?
False
Is 14 a factor of 64423114?
True
Is 23863280 a multiple of 1720?
True
Is 9715 a factor of 1648023455?
True
Is 211 a factor of 119764444?
True
Does 134 divide 281267340?
True
Is 34276812 a multiple of 12?
True
Does 13 divide 194721384?
True
Does 81 divide 6228981?
True
Does 55 divide 114648062?
False
Is 125491989 a multiple of 911?
False
Is 102 a factor of 1105476?
True
Is 53 a factor of 11103394?
True
Does 7 divide 5181835?
False
Is 778 a factor of 406856?
False
Does 376 divide 7150016?
True
Is 1029177822 a multiple of 3?
True
Is 1554117360 a multiple of 1587?
True
Does 22 divide 98214911?
False
Is 1352738672 a multiple of 769?
True
Is 73 a factor of 845968690?
False
Does 9 divide 544639185?
True
Does 6 divide 180412787?
False
Does 60 divide 1327305?
False
Is 53 a factor of 3043626016?
False
Does 20 divide 6913839?
False
Is 145 a factor of 845919958?
False
Is 469 a factor of 47851132?
True
Is 209 a factor of 13535069?
False
Is 774215732 a multiple of 1636?
True
Is 197 a factor of 40647995?
True
Is 7077898 a multiple of 582?
False
Does 27 divide 130266765?
True
Is 5098 a factor of 66196482?
False
Is 114243276 a multiple of 951?
False
Is 935540594 a multiple of 2247?
False
Is 62 a factor of 21515674?
True
Is 1244 a factor of 1610015264?
False
Does 11 divide 2557908?
False
Does 364 divide 15007790?
False
Does 407 divide 36105377?
True
Does 8 divide 217968872?
True
Is 326733000 a multiple of 50?
True
Is 115 a factor of 507154255?
True
Is 17224768 a multiple of 54?
False
Is 11452272 a multiple of 312?
True
Does 108 divide 3664094616?
True
Is 149853164 a multiple of 117?
False
Does 23 divide 328412032?
True
Is 102786703 a multiple of 629?
False
Is 3311243936 a multiple of 4004?
True
Is 289653997 a multiple of 18?
False
Is 468985712 a multiple of 8216?
True
Is 434591163 a multiple of 9?
True
Is 272939248 a multiple of 260?
False
Does 13 divide 1161962734?
False
Is 7 a factor of 1350340813?
False
Is 34 a factor of 125876908?
True
Does 39 divide 2087594925?
True
Is 102698079 a multiple of 479?
True
Is 14058000 a multiple of 55?
True
Does 102 divide 1570644713?
False
Is 44695418 a multiple of 33?
False
Is 8807 a factor of 1529853914?
False
Does 2940 divide 47191574?
False
Does 888 divide 534430368?
True
Is 476486920 a multiple of 455?
True
Is 30551970 a multiple of 10?
True
Is 5986548010 a multiple of 265?
False
Does 72 divide 57821710?
False
Is 1538624645 a multiple of 163?
True
Is 43 a factor of 2380358826?
True
Is 185663854 a multiple of 2?
True
Does 40 divide 71069554?
False
Does 767 divide 278238242?
False
Does 51 divide 31486635?
True
Is 1560790018 a multiple of 142?
True
Is 2285265720 a multiple of 10?
True
Is 26210047 a multiple of 2331?
False
Does 190 divide 3232321169?
False
Does 71 divide 14115848?
False
Is 4720570 a multiple of 221?
False
Does 50 divide 2725245863?
False
Is 7011 a factor of 2034374859?
True
Is 2565 a factor of 33546354?
False
Is 6955102 a multiple of 11?
True
Does 1379 divide 399852082?
True
Is 7 a factor of 88217556?
True
Is 151654 a multiple of 81?
False
Does 563 divide 25790467?
True
Does 3 divide 19437913?
False
Is 82 a factor of 3683870008?
True
Does 949 divide 40410566?
False
Does 30 divide 247407852?
False
Is 1519 a factor of 32538499?
True
Does 12 divide 1115236956?
True
Is 874634540 a multiple of 130?
True
Is 866 a factor of 45803606?
True
Does 667 divide 300508088?
False
Is 3491 a factor of 3068107586?
False
Does 2449 divide 80953961?
False
Is 130 a factor of 7093840?
True
Is 27200444 a multiple of 46?
True
Does 34 divide 150936868?
False
Does 2816 divide 63196949?
False
Is 52678262 a multiple of 725?
False
Is 30769 a multiple of 3?
False
Is 115047296 a multiple of 1274?
True
Does 17 divide 4752224704?
False
Is 104294949 a multiple of 2329?
True
Is 142377648 a multiple of 628?
True
Does 213 divide 188900911?
False
Does 73 divide 67531205?
True
Is 33415737 a multiple of 57?
True
Is 34522750 a multiple of 85?
True
Does 16 divide 9995936?
True
Does 1572 divide 518073620?
False
Does 158 divide 1803807158?
True
Is 729549680 a multiple of 310?
False
Is 12044806 a multiple of 6?
False
Is 557988284 a multiple of 686?
True
Is 30875556 a multiple of 4?
True
Does 5 divide 380747821?
False
Is 9 a factor of 1127918161?
False
Is 411898864 a multiple of 52?
True
Does 99 divide 419186655?
False
Does 46 divide 2589832982?
True
Is 2694117946 a multiple of 126?
False
Is 16 a factor of 124897008?
True
Is 72995700 a multiple of 930?
True
Is 3916 a factor of 10588864?
True
Is 12244577 a multiple of 22?
False
Is 2048 a factor of 18328301?
False
Is 803828574 a multiple of 94?
False
Is 471239445 a multiple of 7?
False
Is 29645382 a multiple of 26?
True
Is 1941449146 a multiple of 16?
False
Is 51 a factor of 1644663810?
True
Does 98 divide 23451959?
False
Is 426784495 a multiple of 4527?
False
Is 6932 a factor of 1951927073?
False
Is 1928134938 a multiple of 551?
False
Does 130 divide 38574640?
True
Is 10 a factor of 25232424?
False
Does 31 divide 4284820?
True
Is 638 a factor of 154700022?
False
Does 1081 divide 9815480?
True
Does 15 divide 1950740?
False
Does 1452 divide 1902923?
False
Is 3017 a fa